{"id":163,"date":"2025-05-09T18:44:05","date_gmt":"2025-05-09T16:44:05","guid":{"rendered":"https:\/\/preventionsuicidefrance.org\/?page_id=163"},"modified":"2026-04-05T21:37:14","modified_gmt":"2026-04-05T19:37:14","slug":"soutenir","status":"publish","type":"page","link":"https:\/\/preventionsuicidefrance.org\/index.php\/soutenir\/","title":{"rendered":"Soutenir"},"content":{"rendered":"<div class=\"et_pb_section_0 et_pb_section et_section_regular et_block_section\"><div class=\"et_pb_row_0 et_pb_row et_block_row\"><div class=\"et_pb_column_0 et_pb_column et_pb_column_4_4 et-last-child et_block_column et_pb_css_mix_blend_mode_passthrough\"><div class=\"et_pb_text_0 et_pb_text et_pb_bg_layout_light et_pb_module et_block_module preset--module--divi-text--69d2b9e7b3575\"><div class=\"et_pb_text_inner\"><h1>Nous soutenir<\/h1>\n<p>En soutenant nos initiatives, vous agissez concr\u00e8tement pour la pr\u00e9vention du suicide.<\/p>\n<p>Avec une m\u00e9thodologie rigoureuse, nous s\u00e9lectionnons des projets \u00e0 fort impact, r\u00e9pondant \u00e0 des crit\u00e8res scientifiques et capables de se d\u00e9ployer \u00e0 grande \u00e9chelle. Nous les accompagnons d\u00e8s leur phase d\u2019amor\u00e7age, et agissons pour leur p\u00e9rennit\u00e9 via notre plaidoyer aupr\u00e8s des d\u00e9cideurs publics.<br \/>En soutenant des projets adapt\u00e9s \u00e0 des publics et des territoires vari\u00e9s, votre g\u00e9n\u00e9rosit\u00e9 encourage le d\u00e9veloppement de solutions nouvelles, essentielles pour r\u00e9pondre \u00e0 la complexit\u00e9 des causes du suicide.<\/p>\n<\/div><\/div><\/div><\/div><div class=\"et_pb_row_2 et_pb_row et_block_row\"><div class=\"et_pb_column_4 et_pb_column et_pb_column_4_4 et-last-child et_block_column et_pb_css_mix_blend_mode_passthrough\"><div class=\"et_pb_code_0 et_pb_code et_pb_module\"><div class=\"et_pb_code_inner\"><iframe id=\"haWidget\" allowtransparency=\"true\" scrolling=\"auto\" src=\"https:\/\/www.helloasso.com\/associations\/prevention-suicide-france\/formulaires\/1\/widget\" style=\"width: 100%; height: 1300px; border: none;\"><\/iframe><\/div><\/div><\/div><\/div><\/div>","protected":false},"excerpt":{"rendered":"","protected":false},"author":1,"featured_media":0,"parent":0,"menu_order":0,"comment_status":"closed","ping_status":"closed","template":"","meta":{"footnotes":""},"class_list":["post-163","page","type-page","status-publish","hentry"],"yoast_head":"<!-- This site is optimized with the Yoast SEO plugin v27.3 - https:\/\/yoast.com\/product\/yoast-seo-wordpress\/ -->\n<title>Soutenir - Pr\u00e9vention suicide France<\/title>\n<meta name=\"robots\" content=\"index, follow, max-snippet:-1, max-image-preview:large, max-video-preview:-1\" \/>\n<link rel=\"canonical\" href=\"https:\/\/preventionsuicidefrance.org\/index.php\/soutenir\/\" \/>\n<meta property=\"og:locale\" content=\"fr_FR\" \/>\n<meta property=\"og:type\" content=\"article\" \/>\n<meta property=\"og:title\" content=\"Soutenir - Pr\u00e9vention suicide France\" \/>\n<meta property=\"og:url\" content=\"https:\/\/preventionsuicidefrance.org\/index.php\/soutenir\/\" \/>\n<meta property=\"og:site_name\" content=\"Pr\u00e9vention suicide France\" \/>\n<meta property=\"article:modified_time\" content=\"2026-04-05T19:37:14+00:00\" \/>\n<meta name=\"twitter:card\" content=\"summary_large_image\" \/>\n<script type=\"application\/ld+json\" class=\"yoast-schema-graph\">{\"@context\":\"https:\\\/\\\/schema.org\",\"@graph\":[{\"@type\":\"WebPage\",\"@id\":\"https:\\\/\\\/preventionsuicidefrance.org\\\/index.php\\\/soutenir\\\/\",\"url\":\"https:\\\/\\\/preventionsuicidefrance.org\\\/index.php\\\/soutenir\\\/\",\"name\":\"Soutenir - Pr\u00e9vention suicide France\",\"isPartOf\":{\"@id\":\"https:\\\/\\\/preventionsuicidefrance.org\\\/#website\"},\"datePublished\":\"2025-05-09T16:44:05+00:00\",\"dateModified\":\"2026-04-05T19:37:14+00:00\",\"breadcrumb\":{\"@id\":\"https:\\\/\\\/preventionsuicidefrance.org\\\/index.php\\\/soutenir\\\/#breadcrumb\"},\"inLanguage\":\"fr-FR\",\"potentialAction\":[{\"@type\":\"ReadAction\",\"target\":[\"https:\\\/\\\/preventionsuicidefrance.org\\\/index.php\\\/soutenir\\\/\"]}]},{\"@type\":\"BreadcrumbList\",\"@id\":\"https:\\\/\\\/preventionsuicidefrance.org\\\/index.php\\\/soutenir\\\/#breadcrumb\",\"itemListElement\":[{\"@type\":\"ListItem\",\"position\":1,\"name\":\"Accueil\",\"item\":\"https:\\\/\\\/preventionsuicidefrance.org\\\/\"},{\"@type\":\"ListItem\",\"position\":2,\"name\":\"Soutenir\"}]},{\"@type\":\"WebSite\",\"@id\":\"https:\\\/\\\/preventionsuicidefrance.org\\\/#website\",\"url\":\"https:\\\/\\\/preventionsuicidefrance.org\\\/\",\"name\":\"Pr\u00e9vention suicide France\",\"description\":\"Pour une pr\u00e9vention du suicide qui innove et rassemble\",\"potentialAction\":[{\"@type\":\"SearchAction\",\"target\":{\"@type\":\"EntryPoint\",\"urlTemplate\":\"https:\\\/\\\/preventionsuicidefrance.org\\\/?s={search_term_string}\"},\"query-input\":{\"@type\":\"PropertyValueSpecification\",\"valueRequired\":true,\"valueName\":\"search_term_string\"}}],\"inLanguage\":\"fr-FR\"}]}<\/script>\n<!-- \/ Yoast SEO plugin. -->","yoast_head_json":{"title":"Soutenir - Pr\u00e9vention suicide France","robots":{"index":"index","follow":"follow","max-snippet":"max-snippet:-1","max-image-preview":"max-image-preview:large","max-video-preview":"max-video-preview:-1"},"canonical":"https:\/\/preventionsuicidefrance.org\/index.php\/soutenir\/","og_locale":"fr_FR","og_type":"article","og_title":"Soutenir - Pr\u00e9vention suicide France","og_url":"https:\/\/preventionsuicidefrance.org\/index.php\/soutenir\/","og_site_name":"Pr\u00e9vention suicide France","article_modified_time":"2026-04-05T19:37:14+00:00","twitter_card":"summary_large_image","schema":{"@context":"https:\/\/schema.org","@graph":[{"@type":"WebPage","@id":"https:\/\/preventionsuicidefrance.org\/index.php\/soutenir\/","url":"https:\/\/preventionsuicidefrance.org\/index.php\/soutenir\/","name":"Soutenir - Pr\u00e9vention suicide France","isPartOf":{"@id":"https:\/\/preventionsuicidefrance.org\/#website"},"datePublished":"2025-05-09T16:44:05+00:00","dateModified":"2026-04-05T19:37:14+00:00","breadcrumb":{"@id":"https:\/\/preventionsuicidefrance.org\/index.php\/soutenir\/#breadcrumb"},"inLanguage":"fr-FR","potentialAction":[{"@type":"ReadAction","target":["https:\/\/preventionsuicidefrance.org\/index.php\/soutenir\/"]}]},{"@type":"BreadcrumbList","@id":"https:\/\/preventionsuicidefrance.org\/index.php\/soutenir\/#breadcrumb","itemListElement":[{"@type":"ListItem","position":1,"name":"Accueil","item":"https:\/\/preventionsuicidefrance.org\/"},{"@type":"ListItem","position":2,"name":"Soutenir"}]},{"@type":"WebSite","@id":"https:\/\/preventionsuicidefrance.org\/#website","url":"https:\/\/preventionsuicidefrance.org\/","name":"Pr\u00e9vention suicide France","description":"Pour une pr\u00e9vention du suicide qui innove et rassemble","potentialAction":[{"@type":"SearchAction","target":{"@type":"EntryPoint","urlTemplate":"https:\/\/preventionsuicidefrance.org\/?s={search_term_string}"},"query-input":{"@type":"PropertyValueSpecification","valueRequired":true,"valueName":"search_term_string"}}],"inLanguage":"fr-FR"}]}},"_links":{"self":[{"href":"https:\/\/preventionsuicidefrance.org\/index.php\/wp-json\/wp\/v2\/pages\/163","targetHints":{"allow":["GET"]}}],"collection":[{"href":"https:\/\/preventionsuicidefrance.org\/index.php\/wp-json\/wp\/v2\/pages"}],"about":[{"href":"https:\/\/preventionsuicidefrance.org\/index.php\/wp-json\/wp\/v2\/types\/page"}],"author":[{"embeddable":true,"href":"https:\/\/preventionsuicidefrance.org\/index.php\/wp-json\/wp\/v2\/users\/1"}],"replies":[{"embeddable":true,"href":"https:\/\/preventionsuicidefrance.org\/index.php\/wp-json\/wp\/v2\/comments?post=163"}],"version-history":[{"count":23,"href":"https:\/\/preventionsuicidefrance.org\/index.php\/wp-json\/wp\/v2\/pages\/163\/revisions"}],"predecessor-version":[{"id":874,"href":"https:\/\/preventionsuicidefrance.org\/index.php\/wp-json\/wp\/v2\/pages\/163\/revisions\/874"}],"wp:attachment":[{"href":"https:\/\/preventionsuicidefrance.org\/index.php\/wp-json\/wp\/v2\/media?parent=163"}],"curies":[{"name":"wp","href":"https:\/\/api.w.org\/{rel}","templated":true}]}}

<div class="et_pb_section_0 et_pb_section et_section_regular et_block_section"><div class="et_pb_row_0 et_pb_row et_block_row"><div class="et_pb_column_0 et_pb_column et_pb_column_4_4 et-last-child et_block_column et_pb_css_mix_blend_mode_passthrough"><div class="et_pb_text_0 et_pb_text et_pb_bg_layout_light et_pb_module et_block_module preset--module--divi-text--69d2b9e7b3575"><div class="et_pb_text_inner"><h1>Nous soutenir</h1>
<p>En soutenant nos initiatives, vous agissez concrètement pour la prévention du suicide.</p>
<p>Avec une méthodologie rigoureuse, nous sélectionnons des projets à fort impact, répondant à des critères scientifiques et capables de se déployer à grande échelle. Nous les accompagnons dès leur phase d’amorçage, et agissons pour leur pérennité via notre plaidoyer auprès des décideurs publics.<br />En soutenant des projets adaptés à des publics et des territoires variés, votre générosité encourage le développement de solutions nouvelles, essentielles pour répondre à la complexité des causes du suicide.</p>
</div></div></div></div><div class="et_pb_row_2 et_pb_row et_block_row"><div class="et_pb_column_4 et_pb_column et_pb_column_4_4 et-last-child et_block_column et_pb_css_mix_blend_mode_passthrough"><div class="et_pb_code_0 et_pb_code et_pb_module"><div class="et_pb_code_inner"><iframe id="haWidget" allowtransparency="true" scrolling="auto" src="https://www.helloasso.com/associations/prevention-suicide-france/formulaires/1/widget" style="width: 100%; height: 1300px; border: none;"></iframe></div></div></div></div></div>

<!-- This site is optimized with the Yoast SEO plugin v27.3 - https://yoast.com/product/yoast-seo-wordpress/ -->
<title>Soutenir - Prévention suicide France</title>
<meta name="robots" content="index, follow, max-snippet:-1, max-image-preview:large, max-video-preview:-1" />
<link rel="canonical" href="https://preventionsuicidefrance.org/index.php/soutenir/" />
<meta property="og:locale" content="fr_FR" />
<meta property="og:type" content="article" />
<meta property="og:title" content="Soutenir - Prévention suicide France" />
<meta property="og:url" content="https://preventionsuicidefrance.org/index.php/soutenir/" />
<meta property="og:site_name" content="Prévention suicide France" />
<meta property="article:modified_time" content="2026-04-05T19:37:14+00:00" />
<meta name="twitter:card" content="summary_large_image" />
<script type="application/ld+json" class="yoast-schema-graph">{"@context":"https:\/\/schema.org","@graph":[{"@type":"WebPage","@id":"https:\/\/preventionsuicidefrance.org\/index.php\/soutenir\/","url":"https:\/\/preventionsuicidefrance.org\/index.php\/soutenir\/","name":"Soutenir - Prévention suicide France","isPartOf":{"@id":"https:\/\/preventionsuicidefrance.org\/#website"},"datePublished":"2025-05-09T16:44:05+00:00","dateModified":"2026-04-05T19:37:14+00:00","breadcrumb":{"@id":"https:\/\/preventionsuicidefrance.org\/index.php\/soutenir\/#breadcrumb"},"inLanguage":"fr-FR","potentialAction":[{"@type":"ReadAction","target":["https:\/\/preventionsuicidefrance.org\/index.php\/soutenir\/"]}]},{"@type":"BreadcrumbList","@id":"https:\/\/preventionsuicidefrance.org\/index.php\/soutenir\/#breadcrumb","itemListElement":[{"@type":"ListItem","position":1,"name":"Accueil","item":"https:\/\/preventionsuicidefrance.org\/"},{"@type":"ListItem","position":2,"name":"Soutenir"}]},{"@type":"WebSite","@id":"https:\/\/preventionsuicidefrance.org\/#website","url":"https:\/\/preventionsuicidefrance.org\/","name":"Prévention suicide France","description":"Pour une prévention du suicide qui innove et rassemble","potentialAction":[{"@type":"SearchAction","target":{"@type":"EntryPoint","urlTemplate":"https:\/\/preventionsuicidefrance.org\/?s={search_term_string}"},"query-input":{"@type":"PropertyValueSpecification","valueRequired":true,"valueName":"search_term_string"}}],"inLanguage":"fr-FR"}]}</script>
<!-- / Yoast SEO plugin. -->

Soutenir - Prévention suicide France

Prévention suicide France

Pour une prévention du suicide qui innove et rassemble
