{"id":857,"date":"2025-12-18T20:29:28","date_gmt":"2025-12-18T19:29:28","guid":{"rendered":"https:\/\/preventionsuicidefrance.org\/?page_id=857"},"modified":"2026-04-30T11:19:18","modified_gmt":"2026-04-30T09:19:18","slug":"prevention-suicide-france-2","status":"publish","type":"page","link":"https:\/\/preventionsuicidefrance.org\/","title":{"rendered":"Pr\u00e9vention Suicide France"},"content":{"rendered":"<div class=\"et_pb_section_0 et_pb_section et_section_regular et_block_section\">\n<div class=\"et_pb_row_0 et_pb_row et_pb_row_3-4_1-4 et_block_row et_block_row_3-4_1-4\">\n<div class=\"et_pb_column_0 et_pb_column et_pb_column_3_4 et_block_column et_pb_css_mix_blend_mode_passthrough\">\n<div class=\"et_pb_text_0 et_pb_text et_pb_bg_layout_light et_pb_module et_block_module preset--module--divi-text--69d2b9e7b3575\"><div class=\"et_pb_text_inner\"><h1>Pr\u00e9vention Suicide France<span><\/span><\/h1>\n<h2><span>Pour une pr\u00e9vention du suicide qui innove et rassemble<\/span><\/h2>\n<\/div><\/div>\n\n<div class=\"et_pb_text_1 et_pb_text et_pb_bg_layout_light et_pb_module et_block_module preset--module--divi-text--69d2b9e7b3575\"><div class=\"et_pb_text_inner\"><h3>Nous agissons pour renforcer l\u2019efficacit\u00e9 de la pr\u00e9vention du suicide en France. En mobilisant l\u2019expertise de nos membres, nous identifions, finan\u00e7ons et accompagnons les initiatives innovantes. Nous soutenons une parole collective pour que la pr\u00e9vention du suicide reste une priorit\u00e9 de sant\u00e9 publique.<\/h3>\n<\/div><\/div>\n<\/div>\n\n<div class=\"et_pb_column_1 et_pb_column et_pb_column_1_4 et-last-child et_block_column et_pb_column_empty et_pb_css_mix_blend_mode_passthrough\"><\/div>\n<\/div>\n<\/div>\n\n<div class=\"et_pb_section_1 et_pb_section et_section_regular et_block_section\">\n<div class=\"et_pb_row_1 et_pb_row et_block_row\">\n<div class=\"et_pb_column_2 et_pb_column et_pb_column_4_4 et-last-child et_block_column et_pb_css_mix_blend_mode_passthrough\">\n<div class=\"et_pb_blurb_0 et_pb_blurb et_pb_bg_layout_light et_pb_blurb_position_left et_pb_module et_block_module\"><div class=\"et_pb_blurb_content\"><div class=\"et_pb_main_blurb_image\"><span class=\"et_pb_image_wrap\"><span class=\"et-pb-icon et_animated et_animated\">\uf1cd<\/span><\/span><\/div><div class=\"et_pb_blurb_container\"><h4 class=\"et_pb_module_header\">Besoin d'aide ?<\/h4><div class=\"et_pb_blurb_description\"><p>Vous avez des pens\u00e9es suicidaires ou vous \u00eates inquiet pour l\u2019un de vos proches, contactez le <span style=\"text-decoration: underline;\"><a href=\"tel:3114\">3114<\/a><\/span> ou le <span style=\"text-decoration: underline;\"><a href=\"tel:15\">15<\/a><\/span> en cas d\u2019urgence.<\/p>\n<\/div><\/div><\/div><\/div>\n<\/div>\n<\/div>\n\n<div class=\"et_pb_row_2 et_pb_row et_block_row\">\n<div class=\"et_pb_column_3 et_pb_column et_pb_column_4_4 et-last-child et_block_column et_pb_css_mix_blend_mode_passthrough\">\n<div class=\"et_pb_text_2 et_pb_text et_pb_bg_layout_light et_pb_module et_block_module preset--module--divi-text--69d2b9e7b3575\"><div class=\"et_pb_text_inner\"><h2>Nos moyens d'action<\/h2>\n<\/div><\/div>\n<\/div>\n<\/div>\n\n<div class=\"et_pb_row_3 et_pb_row et_pb_equal_columns et_pb_gutters2 et_block_row et_animated\">\n<div class=\"et_pb_column_4 et_pb_column et_pb_column_1_3 et_block_column et_pb_css_mix_blend_mode_passthrough\">\n<div class=\"et_pb_text_3 et_pb_text et_pb_bg_layout_light et_animated et_clickable et_pb_module et_block_module .btn-action preset--module--divi-text--69d2b9e7b3575\"><div class=\"et_pb_text_inner\"><h3 style=\"text-align: left;\">Soutenir<br \/>les acteurs de\u00a0terrain<\/h3>\n<\/div><\/div>\n<\/div>\n\n<div class=\"et_pb_column_5 et_pb_column et_pb_column_1_3 et_block_column et_pb_css_mix_blend_mode_passthrough\">\n<div class=\"et_pb_text_4 et_pb_text et_pb_bg_layout_light et_animated et_clickable et_pb_module et_block_module .btn-action preset--module--divi-text--69d2b9e7b3575\"><div class=\"et_pb_text_inner\"><h3>Faire entendre<br \/>la voix de la pr\u00e9vention<\/h3>\n<\/div><\/div>\n<\/div>\n\n<div class=\"et_pb_column_6 et_pb_column et_pb_column_1_3 et-last-child et_block_column et_pb_css_mix_blend_mode_passthrough\">\n<div class=\"et_pb_text_5 et_pb_text et_pb_bg_layout_light et_animated et_clickable et_pb_module et_block_module .btn-action preset--module--divi-text--69d2b9e7b3575\"><div class=\"et_pb_text_inner\"><h3>Renforcer<br \/>l\u2019impact<br \/>des dons<\/h3>\n<\/div><\/div>\n<\/div>\n<\/div>\n<\/div>\n\n<div class=\"et_pb_section_2 et_pb_section et_section_regular et_block_section\">\n<div class=\"et_pb_row_4 et_pb_row et_block_row\">\n<div class=\"et_pb_column_7 et_pb_column et_pb_column_3_5 et_block_column et_pb_css_mix_blend_mode_passthrough\">\n<div class=\"et_pb_cta_0 et_pb_promo et_pb_bg_layout_dark et_pb_module et_block_module aap\" id=\"aap\"><div class=\"et_pb_promo_description\"><h2 class=\"et_pb_module_header\">Soutien des projets<\/h2><div class=\"et_pb_promo_content\"><p>Pr\u00e9vention Suicide France a lanc\u00e9 son premier appel \u00e0 projets pour soutenir des initiatives \u00e9mergentes en France (m\u00e9tropole et outre-mer).<\/p>\n<p style=\"padding-left: 40px;\">\u2192 Une <strong>dotation<\/strong> jusqu\u2019\u00e0 80 000 \u20ac par projet, r\u00e9partie sur 2 \u00e0 3 ans.<\/p>\n<p style=\"padding-left: 40px;\">\u2192 Un <strong>accompagnement<\/strong> structurant, mobilisant les expertises de nos membres et partenaires<\/p>\n<p style=\"padding-left: 40px;\">\u2192 Une <strong>dynamique collaborative<\/strong>, pour renforcer l\u2019impact et la durabilit\u00e9 des projets<\/p>\n<\/div><\/div><div class=\"et_pb_button_wrapper\"><a class=\"et_pb_button et_pb_promo_button\" href=\"https:\/\/preventionsuicidefrance.org\/index.php\/714-2\/\">Voir les projets laur\u00e9ats<\/a><\/div><\/div>\n\n\n<\/div>\n\n<div class=\"et_pb_column_8 et_pb_column et_pb_column_2_5 et-last-child et_block_column et_pb_css_mix_blend_mode_passthrough\">\n<div class=\"et_pb_slider_0 et_pb_slider et_pb_slider_fullwidth_off et_pb_module et_block_module\"><div class=\"et_pb_slides\">\n<div class=\"et_pb_slide_0 et_pb_slide et_pb_slide_with_image et_pb_media_alignment_center et_pb_bg_layout_dark et_pb_text_align_center\" data-slide-id=\"divi\/slide-0\"><div class=\"et_pb_container\"><div class=\"et_pb_slider_container_inner\"><div class=\"et_pb_slide_image\"><img loading=\"lazy\" decoding=\"async\" src=\"https:\/\/preventionsuicidefrance.org\/wp-content\/uploads\/2025\/12\/PTSM-1.png\" width=\"600\" height=\"600\" srcset=\"https:\/\/preventionsuicidefrance.org\/wp-content\/uploads\/2025\/12\/PTSM-1.png 600w, https:\/\/preventionsuicidefrance.org\/wp-content\/uploads\/2025\/12\/PTSM-1-480x480.png 480w\" sizes=\"(min-width: 0px) and (max-width: 480px) 480px, (min-width: 481px) 600px, 100vw\" class=\"wp-image-791\" \/><\/div><div class=\"et_pb_slide_description\"><h2 class=\"et_pb_slide_title\"><a href=\"https:\/\/preventionsuicidefrance.org\/index.php\/project\/lim-on-the-road\/\" target=\"\" class=\"et_pb_slide_title_link\">Lim on the road<\/a><\/h2><div class=\"et_pb_slide_content\"><p><span class=\"a_GcMg font-feature-liga-off font-feature-clig-off font-feature-calt-off text-decoration-none text-strikethrough-none\">La caravane qui va \u00e0 la rencontre des silences<\/span><\/p>\n<\/div><div class=\"et_pb_button_wrapper\"><a class=\"et_pb_button et_pb_more_button\" href=\"https:\/\/preventionsuicidefrance.org\/index.php\/project\/lim-on-the-road\/\">Voir le projet<\/a><\/div><\/div><\/div><\/div><\/div>\n\n<div class=\"et_pb_slide_1 et_pb_slide et_pb_slide_with_image et_pb_media_alignment_center et_pb_bg_layout_dark et_pb_text_align_center\" data-slide-id=\"divi\/slide-1\"><div class=\"et_pb_container\"><div class=\"et_pb_slider_container_inner\"><div class=\"et_pb_slide_image\"><img loading=\"lazy\" decoding=\"async\" src=\"https:\/\/preventionsuicidefrance.org\/wp-content\/uploads\/2025\/12\/ulysse-1.png\" width=\"600\" height=\"600\" srcset=\"https:\/\/preventionsuicidefrance.org\/wp-content\/uploads\/2025\/12\/ulysse-1.png 600w, https:\/\/preventionsuicidefrance.org\/wp-content\/uploads\/2025\/12\/ulysse-1-480x480.png 480w\" sizes=\"(min-width: 0px) and (max-width: 480px) 480px, (min-width: 481px) 600px, 100vw\" class=\"wp-image-788\" \/><\/div><div class=\"et_pb_slide_description\"><h2 class=\"et_pb_slide_title\"><a href=\"https:\/\/preventionsuicidefrance.org\/index.php\/project\/les-ulysses\/\" target=\"\" class=\"et_pb_slide_title_link\">Les ulysses<\/a><\/h2><div class=\"et_pb_slide_content\"><p><span class=\"a_GcMg font-feature-liga-off font-feature-clig-off font-feature-calt-off text-decoration-none text-strikethrough-none\">La plateforme num\u00e9rique de pair-aidance<\/span><\/p>\n<\/div><div class=\"et_pb_button_wrapper\"><a class=\"et_pb_button et_pb_more_button\" href=\"https:\/\/preventionsuicidefrance.org\/index.php\/project\/les-ulysses\/\">Voir le projet<\/a><\/div><\/div><\/div><\/div><\/div>\n\n<div class=\"et_pb_slide_2 et_pb_slide et_pb_slide_with_image et_pb_media_alignment_center et_pb_bg_layout_dark et_pb_text_align_center\" data-slide-id=\"divi\/slide-2\"><div class=\"et_pb_container\"><div class=\"et_pb_slider_container_inner\"><div class=\"et_pb_slide_image\"><img loading=\"lazy\" decoding=\"async\" src=\"https:\/\/preventionsuicidefrance.org\/wp-content\/uploads\/2025\/12\/balise-1.png\" width=\"600\" height=\"600\" srcset=\"https:\/\/preventionsuicidefrance.org\/wp-content\/uploads\/2025\/12\/balise-1.png 600w, https:\/\/preventionsuicidefrance.org\/wp-content\/uploads\/2025\/12\/balise-1-480x480.png 480w\" sizes=\"(min-width: 0px) and (max-width: 480px) 480px, (min-width: 481px) 600px, 100vw\" class=\"wp-image-790\" \/><\/div><div class=\"et_pb_slide_description\"><h2 class=\"et_pb_slide_title\"><a href=\"https:\/\/preventionsuicidefrance.org\/index.php\/project\/programme-balise\/\" target=\"\" class=\"et_pb_slide_title_link\">Projet balise<\/a><\/h2><div class=\"et_pb_slide_content\"><p><span class=\"a_GcMg font-feature-liga-off font-feature-clig-off font-feature-calt-off text-decoration-none text-strikethrough-none\">Un soutien pens\u00e9 par des jeunes, pour des jeunes<\/span><span class=\"a_GcMg font-feature-liga-off font-feature-clig-off font-feature-calt-off text-decoration-none text-strikethrough-none white-space-prewrap\"> <\/span><\/p>\n<\/div><div class=\"et_pb_button_wrapper\"><a class=\"et_pb_button et_pb_more_button\" href=\"https:\/\/preventionsuicidefrance.org\/index.php\/project\/programme-balise\/\">Voir le projet<\/a><\/div><\/div><\/div><\/div><\/div>\n\n<div class=\"et_pb_slide_3 et_pb_slide et_pb_slide_with_image et_pb_media_alignment_center et_pb_bg_layout_dark et_pb_text_align_center\" data-slide-id=\"divi\/slide-3\"><div class=\"et_pb_container\"><div class=\"et_pb_slider_container_inner\"><div class=\"et_pb_slide_image\"><img loading=\"lazy\" decoding=\"async\" src=\"https:\/\/preventionsuicidefrance.org\/wp-content\/uploads\/2025\/12\/vocation-1.png\" width=\"600\" height=\"600\" srcset=\"https:\/\/preventionsuicidefrance.org\/wp-content\/uploads\/2025\/12\/vocation-1.png 600w, https:\/\/preventionsuicidefrance.org\/wp-content\/uploads\/2025\/12\/vocation-1-480x480.png 480w\" sizes=\"(min-width: 0px) and (max-width: 480px) 480px, (min-width: 481px) 600px, 100vw\" class=\"wp-image-789\" \/><\/div><div class=\"et_pb_slide_description\"><h2 class=\"et_pb_slide_title\"><a href=\"https:\/\/preventionsuicidefrance.org\/index.php\/project\/le-prix-de-la-vocation\/\" target=\"\" class=\"et_pb_slide_title_link\">Le prix de la vocation<\/a><\/h2><div class=\"et_pb_slide_content\"><p><span class=\"a_GcMg font-feature-liga-off font-feature-clig-off font-feature-calt-off text-decoration-none text-strikethrough-none\">Un docu-fiction pour la pr\u00e9vention des soignants<\/span><\/p>\n<\/div><div class=\"et_pb_button_wrapper\"><a class=\"et_pb_button et_pb_more_button\" href=\"https:\/\/preventionsuicidefrance.org\/index.php\/project\/le-prix-de-la-vocation\/\">Voir le projet<\/a><\/div><\/div><\/div><\/div><\/div>\n<\/div><\/div>\n<\/div>\n<\/div>\n\n<div class=\"et_pb_row_5 et_pb_row et_block_row\">\n<div class=\"et_pb_column_9 et_pb_column et_pb_column_4_4 et-last-child et_block_column et_pb_css_mix_blend_mode_passthrough\">\n<div class=\"et_pb_blurb_1 et_pb_blurb et_pb_bg_layout_light et_pb_blurb_position_left et_pb_module et_block_module\"><div class=\"et_pb_blurb_content\"><div class=\"et_pb_main_blurb_image\"><span class=\"et_pb_image_wrap\"><span class=\"et-pb-icon et_animated et_animated\">\uf1cd<\/span><\/span><\/div><div class=\"et_pb_blurb_container\"><h4 class=\"et_pb_module_header\">Besoin d'aide ?<\/h4><div class=\"et_pb_blurb_description\"><p>Vous avez des pens\u00e9es suicidaires ou vous \u00eates inquiet pour l\u2019un de vos proches, contactez le 3114 et le 15 en cas d\u2019urgence.<\/p>\n<\/div><\/div><\/div><\/div>\n<\/div>\n<\/div>\n<\/div>","protected":false},"excerpt":{"rendered":"<p>Avec environ 9000 morts chaque ann\u00e9e en France, le suicide tue trois fois plus que les accidents de la route et davantage que certains cancers.Si le sujet du suicide peine \u00e0 \u00e9merger dans la conscience collective, de nombreuses structures s\u2019engagent aupr\u00e8s des personnes en souffrance et des proches endeuill\u00e9s. Pr\u00e9vention Suicide France agit pour renforcer l\u2019efficacit\u00e9 de la pr\u00e9vention du suicide en France.<\/p>\n","protected":false},"author":1,"featured_media":373,"parent":0,"menu_order":0,"comment_status":"closed","ping_status":"closed","template":"","meta":{"footnotes":""},"class_list":["post-857","page","type-page","status-publish","has-post-thumbnail","hentry"],"yoast_head":"<!-- This site is optimized with the Yoast SEO plugin v27.5 - https:\/\/yoast.com\/product\/yoast-seo-wordpress\/ -->\n<title>Pr\u00e9vention Suicide France - Pr\u00e9vention suicide France<\/title>\n<meta name=\"description\" content=\"Pour une pr\u00e9vention du suicide qui innove et rassemble, nous agissons pour renforcer l\u2019efficacit\u00e9 de la pr\u00e9vention du suicide en France.\" \/>\n<meta name=\"robots\" content=\"index, follow, max-snippet:-1, max-image-preview:large, max-video-preview:-1\" \/>\n<link rel=\"canonical\" href=\"https:\/\/preventionsuicidefrance.org\/\" \/>\n<meta property=\"og:locale\" content=\"fr_FR\" \/>\n<meta property=\"og:type\" content=\"article\" \/>\n<meta property=\"og:title\" content=\"Pour une pr\u00e9vention du suicide qui innove et rassemble\" \/>\n<meta property=\"og:description\" content=\"Avec environ 9000 morts chaque ann\u00e9e en France, le suicide tue trois fois plus que les accidents de la route et davantage que certains cancers.Si le sujet du suicide peine \u00e0 \u00e9merger dans la conscience collective, de nombreuses structures s\u2019engagent aupr\u00e8s des personnes en souffrance et des proches endeuill\u00e9s. Pr\u00e9vention Suicide France agit pour renforcer l\u2019efficacit\u00e9 de la pr\u00e9vention du suicide en France.\" \/>\n<meta property=\"og:url\" content=\"https:\/\/preventionsuicidefrance.org\/\" \/>\n<meta property=\"og:site_name\" content=\"Pr\u00e9vention suicide France\" \/>\n<meta property=\"article:modified_time\" content=\"2026-04-30T09:19:18+00:00\" \/>\n<meta property=\"og:image\" content=\"https:\/\/preventionsuicidefrance.org\/wp-content\/uploads\/2025\/05\/PSF.png\" \/>\n\t<meta property=\"og:image:width\" content=\"900\" \/>\n\t<meta property=\"og:image:height\" content=\"539\" \/>\n\t<meta property=\"og:image:type\" content=\"image\/png\" \/>\n<meta name=\"twitter:card\" content=\"summary_large_image\" \/>\n<meta name=\"twitter:label1\" content=\"Dur\u00e9e de lecture estim\u00e9e\" \/>\n\t<meta name=\"twitter:data1\" content=\"3 minutes\" \/>\n<script type=\"application\/ld+json\" class=\"yoast-schema-graph\">{\"@context\":\"https:\\\/\\\/schema.org\",\"@graph\":[{\"@type\":\"WebPage\",\"@id\":\"https:\\\/\\\/preventionsuicidefrance.org\\\/\",\"url\":\"https:\\\/\\\/preventionsuicidefrance.org\\\/\",\"name\":\"Pr\u00e9vention Suicide France - Pr\u00e9vention suicide France\",\"isPartOf\":{\"@id\":\"https:\\\/\\\/preventionsuicidefrance.org\\\/#website\"},\"primaryImageOfPage\":{\"@id\":\"https:\\\/\\\/preventionsuicidefrance.org\\\/#primaryimage\"},\"image\":{\"@id\":\"https:\\\/\\\/preventionsuicidefrance.org\\\/#primaryimage\"},\"thumbnailUrl\":\"https:\\\/\\\/preventionsuicidefrance.org\\\/wp-content\\\/uploads\\\/2025\\\/05\\\/PSF.png\",\"datePublished\":\"2025-12-18T19:29:28+00:00\",\"dateModified\":\"2026-04-30T09:19:18+00:00\",\"description\":\"Pour une pr\u00e9vention du suicide qui innove et rassemble, nous agissons pour renforcer l\u2019efficacit\u00e9 de la pr\u00e9vention du suicide en France.\",\"breadcrumb\":{\"@id\":\"https:\\\/\\\/preventionsuicidefrance.org\\\/#breadcrumb\"},\"inLanguage\":\"fr-FR\",\"potentialAction\":[{\"@type\":\"ReadAction\",\"target\":[\"https:\\\/\\\/preventionsuicidefrance.org\\\/\"]}]},{\"@type\":\"ImageObject\",\"inLanguage\":\"fr-FR\",\"@id\":\"https:\\\/\\\/preventionsuicidefrance.org\\\/#primaryimage\",\"url\":\"https:\\\/\\\/preventionsuicidefrance.org\\\/wp-content\\\/uploads\\\/2025\\\/05\\\/PSF.png\",\"contentUrl\":\"https:\\\/\\\/preventionsuicidefrance.org\\\/wp-content\\\/uploads\\\/2025\\\/05\\\/PSF.png\",\"width\":900,\"height\":539},{\"@type\":\"BreadcrumbList\",\"@id\":\"https:\\\/\\\/preventionsuicidefrance.org\\\/#breadcrumb\",\"itemListElement\":[{\"@type\":\"ListItem\",\"position\":1,\"name\":\"Accueil\",\"item\":\"https:\\\/\\\/preventionsuicidefrance.org\\\/\"},{\"@type\":\"ListItem\",\"position\":2,\"name\":\"Pr\u00e9vention Suicide France\"}]},{\"@type\":\"WebSite\",\"@id\":\"https:\\\/\\\/preventionsuicidefrance.org\\\/#website\",\"url\":\"https:\\\/\\\/preventionsuicidefrance.org\\\/\",\"name\":\"Pr\u00e9vention suicide France\",\"description\":\"Pour une pr\u00e9vention du suicide qui innove et rassemble\",\"potentialAction\":[{\"@type\":\"SearchAction\",\"target\":{\"@type\":\"EntryPoint\",\"urlTemplate\":\"https:\\\/\\\/preventionsuicidefrance.org\\\/?s={search_term_string}\"},\"query-input\":{\"@type\":\"PropertyValueSpecification\",\"valueRequired\":true,\"valueName\":\"search_term_string\"}}],\"inLanguage\":\"fr-FR\"}]}<\/script>\n<!-- \/ Yoast SEO plugin. -->","yoast_head_json":{"title":"Pr\u00e9vention Suicide France - Pr\u00e9vention suicide France","description":"Pour une pr\u00e9vention du suicide qui innove et rassemble, nous agissons pour renforcer l\u2019efficacit\u00e9 de la pr\u00e9vention du suicide en France.","robots":{"index":"index","follow":"follow","max-snippet":"max-snippet:-1","max-image-preview":"max-image-preview:large","max-video-preview":"max-video-preview:-1"},"canonical":"https:\/\/preventionsuicidefrance.org\/","og_locale":"fr_FR","og_type":"article","og_title":"Pour une pr\u00e9vention du suicide qui innove et rassemble","og_description":"Avec environ 9000 morts chaque ann\u00e9e en France, le suicide tue trois fois plus que les accidents de la route et davantage que certains cancers.Si le sujet du suicide peine \u00e0 \u00e9merger dans la conscience collective, de nombreuses structures s\u2019engagent aupr\u00e8s des personnes en souffrance et des proches endeuill\u00e9s. Pr\u00e9vention Suicide France agit pour renforcer l\u2019efficacit\u00e9 de la pr\u00e9vention du suicide en France.","og_url":"https:\/\/preventionsuicidefrance.org\/","og_site_name":"Pr\u00e9vention suicide France","article_modified_time":"2026-04-30T09:19:18+00:00","og_image":[{"width":900,"height":539,"url":"https:\/\/preventionsuicidefrance.org\/wp-content\/uploads\/2025\/05\/PSF.png","type":"image\/png"}],"twitter_card":"summary_large_image","twitter_misc":{"Dur\u00e9e de lecture estim\u00e9e":"3 minutes"},"schema":{"@context":"https:\/\/schema.org","@graph":[{"@type":"WebPage","@id":"https:\/\/preventionsuicidefrance.org\/","url":"https:\/\/preventionsuicidefrance.org\/","name":"Pr\u00e9vention Suicide France - Pr\u00e9vention suicide France","isPartOf":{"@id":"https:\/\/preventionsuicidefrance.org\/#website"},"primaryImageOfPage":{"@id":"https:\/\/preventionsuicidefrance.org\/#primaryimage"},"image":{"@id":"https:\/\/preventionsuicidefrance.org\/#primaryimage"},"thumbnailUrl":"https:\/\/preventionsuicidefrance.org\/wp-content\/uploads\/2025\/05\/PSF.png","datePublished":"2025-12-18T19:29:28+00:00","dateModified":"2026-04-30T09:19:18+00:00","description":"Pour une pr\u00e9vention du suicide qui innove et rassemble, nous agissons pour renforcer l\u2019efficacit\u00e9 de la pr\u00e9vention du suicide en France.","breadcrumb":{"@id":"https:\/\/preventionsuicidefrance.org\/#breadcrumb"},"inLanguage":"fr-FR","potentialAction":[{"@type":"ReadAction","target":["https:\/\/preventionsuicidefrance.org\/"]}]},{"@type":"ImageObject","inLanguage":"fr-FR","@id":"https:\/\/preventionsuicidefrance.org\/#primaryimage","url":"https:\/\/preventionsuicidefrance.org\/wp-content\/uploads\/2025\/05\/PSF.png","contentUrl":"https:\/\/preventionsuicidefrance.org\/wp-content\/uploads\/2025\/05\/PSF.png","width":900,"height":539},{"@type":"BreadcrumbList","@id":"https:\/\/preventionsuicidefrance.org\/#breadcrumb","itemListElement":[{"@type":"ListItem","position":1,"name":"Accueil","item":"https:\/\/preventionsuicidefrance.org\/"},{"@type":"ListItem","position":2,"name":"Pr\u00e9vention Suicide France"}]},{"@type":"WebSite","@id":"https:\/\/preventionsuicidefrance.org\/#website","url":"https:\/\/preventionsuicidefrance.org\/","name":"Pr\u00e9vention suicide France","description":"Pour une pr\u00e9vention du suicide qui innove et rassemble","potentialAction":[{"@type":"SearchAction","target":{"@type":"EntryPoint","urlTemplate":"https:\/\/preventionsuicidefrance.org\/?s={search_term_string}"},"query-input":{"@type":"PropertyValueSpecification","valueRequired":true,"valueName":"search_term_string"}}],"inLanguage":"fr-FR"}]}},"_links":{"self":[{"href":"https:\/\/preventionsuicidefrance.org\/index.php\/wp-json\/wp\/v2\/pages\/857","targetHints":{"allow":["GET"]}}],"collection":[{"href":"https:\/\/preventionsuicidefrance.org\/index.php\/wp-json\/wp\/v2\/pages"}],"about":[{"href":"https:\/\/preventionsuicidefrance.org\/index.php\/wp-json\/wp\/v2\/types\/page"}],"author":[{"embeddable":true,"href":"https:\/\/preventionsuicidefrance.org\/index.php\/wp-json\/wp\/v2\/users\/1"}],"replies":[{"embeddable":true,"href":"https:\/\/preventionsuicidefrance.org\/index.php\/wp-json\/wp\/v2\/comments?post=857"}],"version-history":[{"count":6,"href":"https:\/\/preventionsuicidefrance.org\/index.php\/wp-json\/wp\/v2\/pages\/857\/revisions"}],"predecessor-version":[{"id":899,"href":"https:\/\/preventionsuicidefrance.org\/index.php\/wp-json\/wp\/v2\/pages\/857\/revisions\/899"}],"wp:featuredmedia":[{"embeddable":true,"href":"https:\/\/preventionsuicidefrance.org\/index.php\/wp-json\/wp\/v2\/media\/373"}],"wp:attachment":[{"href":"https:\/\/preventionsuicidefrance.org\/index.php\/wp-json\/wp\/v2\/media?parent=857"}],"curies":[{"name":"wp","href":"https:\/\/api.w.org\/{rel}","templated":true}]}}